{"id":121,"date":"2023-08-26T19:19:27","date_gmt":"2023-08-26T17:19:27","guid":{"rendered":"https:\/\/famillepuech.fr\/?page_id=121"},"modified":"2025-09-14T22:14:21","modified_gmt":"2025-09-14T20:14:21","slug":"document-16-rue-du-colombier","status":"publish","type":"page","link":"https:\/\/famillepuech.fr\/","title":{"rendered":"Documents travaux Puech"},"content":{"rendered":"\n<p><\/p>\n\n\n\n<p><a href=\"https:\/\/famillepuech.fr\/wp-content\/uploads\/2025\/09\/20250630-CR16.pdf\">CR16 : situation du 14 septembre 2025<\/a><\/p>\n\n\n\n<p><a href=\"https:\/\/famillepuech.fr\/wp-content\/uploads\/2025\/07\/20250630-CR15.pdf\">CR15 : JUIN 2025<\/a><\/p>\n\n\n\n<p><a href=\"https:\/\/famillepuech.fr\/wp-content\/uploads\/2025\/05\/20250505-CR14.pdf\">CR14 : MAI 2025<\/a><\/p>\n\n\n\n<p><a href=\"https:\/\/famillepuech.fr\/wp-content\/uploads\/2025\/03\/20250330-CR13.pdf\">CR13 : Mars 2025<\/a><\/p>\n\n\n\n<p><a href=\"https:\/\/famillepuech.fr\/wp-content\/uploads\/2025\/03\/20250316-CR12.pdf\">CR12 : Mars 2025<\/a><\/p>\n\n\n\n<p><a href=\"https:\/\/famillepuech.fr\/wp-content\/uploads\/2025\/02\/20250201-CR11.pdf\">CR11 : F\u00e9vrier 2025<\/a><\/p>\n\n\n\n<p><a href=\"https:\/\/famillepuech.fr\/wp-content\/uploads\/2025\/01\/20241227-CR10.pdf\">CR10 : d\u00e9cembre 2024<\/a><\/p>\n\n\n\n<p><a href=\"https:\/\/famillepuech.fr\/wp-content\/uploads\/2024\/11\/20241109-CR9.pdf\">CR09 : 30 Novembre 2024<\/a><\/p>\n\n\n\n<p><a href=\"https:\/\/famillepuech.fr\/wp-content\/uploads\/2024\/11\/20241109-CR8-v4.pdf\">CR08 : 23 Novembre 2024<\/a><\/p>\n\n\n\n<p><a href=\"https:\/\/famillepuech.fr\/wp-content\/uploads\/2024\/09\/20240904-CR7.pdf\" data-type=\"link\" data-id=\"https:\/\/famillepuech.fr\/wp-content\/uploads\/2024\/09\/20240904-CR7.pdf\">CR07 : Point du 4 Septembre 2024<\/a><\/p>\n\n\n\n<p><a href=\"https:\/\/famillepuech.fr\/wp-content\/uploads\/2024\/02\/20240204-CR6.pdf\">CR06 : Point du 6 F\u00e9vrier 2024<\/a><\/p>\n\n\n\n<p><a href=\"https:\/\/famillepuech.fr\/wp-content\/uploads\/2024\/01\/20240122-CR5.pdf\">CR05 : point du 21 Janvier 2024<\/a><\/p>\n\n\n\n<p><a href=\"https:\/\/famillepuech.fr\/wp-content\/uploads\/2023\/10\/20231014-CR4.pdf\">CR04 : R\u00e9union du 14 Octobre 2023<\/a><\/p>\n\n\n\n<p><a href=\"https:\/\/famillepuech.fr\/index.php\/2023\/10\/01\/cr03\/\" data-type=\"URL\" data-id=\"https:\/\/famillepuech.fr\/index.php\/2023\/10\/01\/cr03\/\">CR03 : R\u00e9union du 30 septembre 2023<\/a><\/p>\n\n\n\n<p><a href=\"https:\/\/famillepuech.fr\/index.php\/2023\/09\/10\/cr02\/\">CR02 : R\u00e9union du samedi 9 septembre 2023<\/a><\/p>\n\n\n\n<p><a href=\"https:\/\/famillepuech.fr\/index.php\/2023\/08\/26\/cr01\/\" data-type=\"post\" data-id=\"134\">CR01  : R\u00e9union du samedi 22 Juillet 2023 <\/a><\/p>\n\n\n\n<p><\/p>\n\n\n\n<p><\/p>\n\n\n\n<p><a href=\"https:\/\/famillepuech.fr\/index.php\/photos-du-chantier\/\" target=\"_blank\" rel=\"noreferrer noopener\">Photos<\/a><\/p>\n\n\n\n<p><\/p>\n","protected":false},"excerpt":{"rendered":"<p>CR16 : situation du 14 septembre 2025 CR15 : JUIN 2025 CR14 : MAI 2025 CR13 : Mars 2025 CR12 : Mars 2025 CR11 : F\u00e9vrier 2025 CR10 : d\u00e9cembre 2024 CR09 : 30 Novembre 2024 CR08 : 23 Novembre 2024 CR07 : Point du 4 Septembre 2024 CR06 : Point du 6 F\u00e9vrier 2024 [&hellip;]<\/p>\n","protected":false},"author":1,"featured_media":0,"parent":0,"menu_order":0,"comment_status":"closed","ping_status":"closed","template":"","meta":{"footnotes":""},"class_list":["post-121","page","type-page","status-publish","hentry"],"jetpack_sharing_enabled":true,"_links":{"self":[{"href":"https:\/\/famillepuech.fr\/index.php\/wp-json\/wp\/v2\/pages\/121","targetHints":{"allow":["GET"]}}],"collection":[{"href":"https:\/\/famillepuech.fr\/index.php\/wp-json\/wp\/v2\/pages"}],"about":[{"href":"https:\/\/famillepuech.fr\/index.php\/wp-json\/wp\/v2\/types\/page"}],"author":[{"embeddable":true,"href":"https:\/\/famillepuech.fr\/index.php\/wp-json\/wp\/v2\/users\/1"}],"replies":[{"embeddable":true,"href":"https:\/\/famillepuech.fr\/index.php\/wp-json\/wp\/v2\/comments?post=121"}],"version-history":[{"count":28,"href":"https:\/\/famillepuech.fr\/index.php\/wp-json\/wp\/v2\/pages\/121\/revisions"}],"predecessor-version":[{"id":481,"href":"https:\/\/famillepuech.fr\/index.php\/wp-json\/wp\/v2\/pages\/121\/revisions\/481"}],"wp:attachment":[{"href":"https:\/\/famillepuech.fr\/index.php\/wp-json\/wp\/v2\/media?parent=121"}],"curies":[{"name":"wp","href":"https:\/\/api.w.org\/{rel}","templated":true}]}}